*p(k) + z(k). Determine j(-7).
7
Let b(p) = -4*p - 65. Let i(q) = -5*q - 29. Let n(f) = -3*b(f) + 5*i(f). Determine n(4).
-2
Suppose 4*a = 19*a - 75. Suppose 7*h = 6*h + 13. Let b(m) = -5 + 16*m - h*m - m**2 - 1. Give b(a).
-16
Let t(f) be the third derivative of -f**6/120 + 11*f**5/30 - 5*f**4/6 - 37*f**3/6 + 2*f**2 + 88*f + 1. What is t(21)?
-16
Let n(s) = 3*s**2 - 4*s - 4. Let g be n(-1). Let f(x) = 4*x**g + 6*x - 5*x**3 - 11*x + 6*x + 6. Give f(0).
6
Let w(x) = x**3 + 16*x - 11*x**2 + 32 - 8*x**2 + 9 + 1 + 1. Determine w(18).
7
Let b(n) = n**3 - 8*n**2 + 9*n - 10. Let r be (-4992)/(-20) + 1 + (-6)/(-15). Let y = -244 + r. Give b(y).
4
Let a be 2*((-109)/(-4) + -2)*2. Let g = -105 + a. Let d(x) be the second derivative of -x**4/12 + x**3/6 + 2*x**2 - 2*x. Determine d(g).
-16
Suppose -q = 11 - 31. Let w be (-1*2)/(q/(-30)). Let x(o) = -w*o + 21 + 2*o - o**2 - 14. Give x(0).
7
Suppose 0*f + 7*f = 294. Let m = f + 54. Let n = m + -93. Let x(a) = -2*a**2 + 4. Calculate x(n).
-14
Let z(m) = -4*m**2 + m + 3. Suppose -192*a - 159 + 315 = -420. Calculate z(a).
-30
Let k(r) = -r**3 + 19*r**2 - 3*r + 15. Let v(h) = h**2 - h + 1. Let y(p) = -k(p) + 2*v(p). Let b = -89 - -106. What is y(b)?
4
Let w(t) be the first derivative of 41*t**2/2 - 240*t + 3441. Give w(6).
6
Let y(x) be the second derivative of 1/12*x**4 - x**3 - 144*x + 0 + 0*x**2. Calculate y(5).
-5
Let p(y) = -2*y**2 - 46*y - 203. Suppose -i - 20 = -j, 48*j - 63 = 3*i + 44*j. Determine p(i).
1
Let l = -1616 - -1617. Let m(a) = -22*a**3 + a**2 - a. Give m(l).
-22
Suppose 5*t = -3*z - 21, 0 = -3*z + 3*t - 239 + 266. Let s(n) be the second derivative of -7/6*n**z - 1/6*n**4 - 19*n + 0 - n**2. Give s(-5).
-17
Let k(v) = v**2 - 10*v - 58. Suppose 197*s = 383*s - 195*s + 117. What is k(s)?
-19
Let j(u) = -7*u**2 - 16*u - 119. Let l(z) = 53*z**2 + 112*z + 826. Let i(a) = 15*j(a) + 2*l(a). What is i(22)?
-1
Let g = -1933 + 1940. Let c(k) = k**2 - 6*k - 4. Determine c(g).
3
Let i(h) = 2*h**2 + 6*h + 3. Let k(s) = 3*s**2 + 11*s + 5. Suppose 4*b = -w + 17, 5*b + 6 = 5*w + 46. Let c(l) = b*i(l) - 3*k(l). Give c(7).
28
Let i(f) = -f**3 + f**2 - 1. Let q(u) = 3*u**3 - 11*u**2 + 10*u - 3. Let p(h) = 2*i(h) + q(h). Let s be (-6 - 46/(-6))*(615/(-75) + 13). Determine p(s).
11
Let s be (-178)/(-8) + -22 - (-2)/8. Let j(y) be the first derivative of s*y**2 + y**3 - 1/2*y**4 + 19 - 2*y. Determine j(2).
-4
Let o(q) = -q + 55 - 69 + 4*q + 29. What is o(-15)?
-30
Let g(v) = 8*v**3 - 447*v**2 - 49*v - 403. Let k be g(56). Let p(i) = i - 55. Calculate p(k).
-66
Suppose 39 = 4*b - 1. Let m(a) be the second derivative of a**4/12 - 2*a**3 - 3*a**2/2 - 97648*a. What is m(b)?
-23
Let f(m) = 164*m - 10 - 86*m - 87*m. Let o(y) = 2. Let p(u) = -f(u) - 4*o(u). Calculate p(2).
20
Let j = 8443 + -8431. Let x(c) = -c**3 + 14*c**2 - 27*c - 10. Give x(j).
-46
Suppose 235 = -153*p + 263 + 737. Let f(v) = -9*v. Calculate f(p).
-45
Let t(y) be the third derivative of -7*y**6/120 + y**4/8 + y**3/3 + 2*y**2 - 856. Give t(-1).
6
Let j(x) be the third derivative of 0*x + 0*x**5 - 1/6*x**3 + 0 + 1/120*x**6 + 2*x**2 + 0*x**4. Suppose 2 = -3*c - 2*l, -130*c = -135*c - 3*l - 2. What is j(c)?
7
Let u(m) = 3*m - 5. Let x be ((-3)/(-2))/(21/154). Let w(o) = -16*o + 26. Let b(f) = x*u(f) + 2*w(f). Calculate b(2).
-1
Let p be (-3)/(18/33) - 5/10. Let g = 3 - -1. Let o(m) = 9 - m + g*m - m. Determine o(p).
-3
Suppose 24 = 6*y - 4*y. Let g be ((y/9)/(4/(-6)))/(-1). Let p(b) = 5*b + 0 - 2*b + g - 2*b. Calculate p(5).
7
Let h be 4/((-84)/(-9)) + 632/28. Let f(a) = -a**2 + 25*a - 44. Calculate f(h).
2
Let d be 9 + -2 + (-1210)/242. Let t(h) be the first derivative of -2 + 4*h + 1/3*h**3 - 2*h**d. Determine t(3).
1
Let z(j) be the third derivative of j**4/12 - 14*j**3/3 - 1054*j**2 - 2. Determine z(10).
-8
Let z = -450 - -460. Let l(p) = -11 - 4*p + p - z*p + p**3 - 9*p**2 + 22*p. Determine l(8).
-3
Suppose 17*y + 6*y = 92. Suppose 0 = 5*j - 9*j + 4. Let t(z) = z**2 - z + 1. Let s(f) = 5*f**2 - 7*f + 5. Let h(b) = j*s(b) - 4*t(b). Give h(y).
5
Let z(f) = 25. Let l(a) = 28*a + 44. Let w(x) = l(x) - 2*z(x). Give w(-5).
-146
Let x(w) = 5*w**2 + w. Suppose -2*n = 10, -4*u - 5*n - 33 - 4 = 0. Let r(g) = -g**3 - g**2 + 4*g - 5. Let s be r(u). Determine x(s).
6
Let g(v) = 35*v + 6 + 1 + 2*v - 8*v. Let h(b) = -15*b - 4. Let o(j) = 6*g(j) + 11*h(j). Calculate o(2).
16
Let l be (-1)/((-1 - 55/(-33))*2/4). Let d(b) = -2*b**3 - 6*b**2 - 9*b + 6. Calculate d(l).
33
Let b(x) = x**2 + 6*x - 6. Let a be (342/(-27))/(2/3). Let c = a + -13. Let f = -39 - c. Give b(f).
1
Let y = -85 + 79. Let h(v) = v - 10. Let a be h(y). Let l = a - -14. Let b(r) = 2*r**2 + 3*r + 2. Calculate b(l).
4
Suppose -5*l + 5 = 7*s - 12*s, 0 = 2*s + 4*l - 10. Let u(f) = 4*f**3 - 2*f**2 + f + 1. Calculate u(s).
4
Let i(n) = -3*n**2 + 24*n + 17. Let a(c) = 4*c**2 - 36*c - 25. Let k(g) = -5*a(g) - 7*i(g). Suppose -53 = 5*j + b, -2*j - 18 - 10 = -3*b. Determine k(j).
-5
Let s(b) = -77601*b + 14*b**2 - 13*b**3 - 12*b**2 + 77602*b. Suppose x = 6*x - 25. Suppose -l - x = -4. Calculate s(l).
14
Let t(y) = -3*y - 2. Let o(j) be the first derivative of -j**2/2 + j + 14. Let z(h) = -5*o(h) + t(h). Give z(6).
5
Let u(b) be the third derivative of 1/60*b**5 + b**2 + 0*b - 3/8*b**4 + 2/3*b**3 + 0. Determine u(9).
4
Let t(x) be the third derivative of x**6/40 + x**5/60 - x**4/24 + x**3/2 - 75*x**2 + 10. Calculate t(2).
29
Let z(v) = 2*v + 6. Suppose -3*k = -5*b - 0*b + 174, 2*b - 68 = 2*k. Suppose 4*c - b = -8*c. Let y(d) = -2*d + 1. Let f be y(c). Determine z(f).
-4
Let a(s) be the third derivative of s**5/60 - 7*s**4/24 - s**3/2 + s**2. Let h = -128 - -119. Let z be 2 + h + 13 - -2. What is a(z)?
5
Suppose 0 = -2*w - 161 + 25. Let a(o) = 71*o**2 - 2*o - 1. Let p be a(1). Let c = p + w. Let f(d) = d + 11. Determine f(c).
11
Let x(l) be the third derivative of 1/60*l**5 - 3*l + 0 + 13/24*l**4 - 17/6*l**3 + 13*l**2. Determine x(-14).
-3
Let r(c) = -c**2 - 12*c - 10. Suppose -4*s - 2 = 54. Let x be r(s). Let d = x + 34. Let y(p) = -p**3 - 5*p**2 - 4*p - 2. What is y(d)?
-2
Let i(f) = -74*f - 962. Let z be i(-13). Let c(a) = a**3 - a**2 - 1. What is c(z)?
-1
Let n(o) = 8*o - 4. Let p(l) = 4*l - 36. Let x be p(13). Let z(m) = 26*m - 12. Let c(u) = x*n(u) - 5*z(u). Give c(10).
-24
Let s(f) = 57*f + f**2 + 0 - 61*f + 51*f + 1 - 50*f. Suppose y + 2*y - 18 = 3*a, 24 = -5*a - y. Let m(q) = -q - 2. Let z be m(a). Give s(z).
1
Let a = -5 - -37. Suppose 0 = -a*x + 24*x + 8. Let c(f) = f**3 + f - 1. Calculate c(x).
1
Let c be 198/8 + 3 + (-1)/(-4). Let h = -17 + c. Let x(d) = 22*d - 14*d - h*d. Give x(-1).
3
Suppose 4*d + m + 22 = 0, 105*d - 108*d - 5*m = 25. Let x(n) = -3*n**2 - 11*n + 3. What is x(d)?
-17
Let z(f) = f**3 - 9*f**2 + 9*f - 2. Let m = 33 + -31. Let c(v) = 2 + 7*v**2 + v**m + 6 - 5*v - v**3 - 7*v. Let j be c(6). Determine z(j).
6
Let l(p) = 13*p**2 - 6*p + 39887 - 2*p**3 + 4*p - 39894 - p**3. Give l(4).
1
Let x(m) be the third derivative of -m**7/840 - m**6/120 - m**5/60 + m**4/6 - m**3/2 - 5*m**2 + m. Let i(y) be the second derivative of x(y). Give i(-2).
-2
Suppose -14 = -2*c - 2*v, 5*c + 4*v = -0*c + 33. Let t be ((-44)/385*c)/((-2)/14). Let o(n) = -n**3 + 4*n**2 + 5*n + 1. Give o(t).
21
Let g(z) = -8*z**2 - 17*z - 10. Let l(d) = -3*d**2 - 9*d - 2. Let y(u) = 2*g(u) - 5*l(u). What is y(10)?
0
Let b(f) be the third derivative of -f**4/24 - 2*f**3/3 - f**2. Let x be (-1 + 7/(-3))*(-2250)/(-1250). Let p be b(x). Let t(v) = v. What is t(p)?
2
Let b(x) be the second derivative of -x**3 + 54*x**2 - x + 32. Give b(18).
0
Let x = -2 + 8. Let u = x - 0. Let q(b) be the first derivative of -b**3/3 + 5*b**2/2 + 3*b - 102. Calculate q(u).
-3
Let u(b) be the first derivative of b**4/12 - 5*b**3/6 - b**2 - 46*b - 64. Let h(n) be the first derivative of u(n). Determine h(5).
-2
Suppose 4 = p - 54*g + 59*g, -4*p = -g + 26. Let t(o) = 2*o**2 + 8*o + 16. Calculate t(p).
40
Let g(x) = 2*x**3 + 2*x**2 + 15*x**3 - x**2 - x**3. Let v(p) = -3*p**2 + 15*p - 17. Suppose -15 = -5*c + 5*q, 2*c + q + 5 = 11. Let b be v(c). Calculate g(b).
17
Let o(z) = z + 12. Let c(s) = -s**2 + s + 80. Suppose -7*y - 54 = -124. Let j be c(y). Calculate o(j).
2
Suppose 9 - 6 = z. Let c(q) = 2*q**3 + 25*q**2 + 13*q + 16. Let h be c(-12). Let u(